sands digit of 986505?
9
What is the millions digit of 6064189?
6
What is the thousands digit of 2141879?
1
What is the tens digit of 700858?
5
What is the units digit of 11827?
7
What is the hundred thousands digit of 1110525?
1
What is the hundreds digit of 37252134?
1
What is the hundred thousands digit of 5821679?
8
What is the hundreds digit of 3274610?
6
What is the tens digit of 12430835?
3
What is the units digit of 4531424?
4
What is the ten thousands digit of 143342?
4
What is the hundred thousands digit of 1143962?
1
What is the thousands digit of 295777?
5
What is the tens digit of 22441183?
8
What is the units digit of 223281?
1
What is the ten millions digit of 11279207?
1
What is the thousands digit of 322592?
2
What is the millions digit of 8319208?
8
What is the ten thousands digit of 62976?
6
What is the hundreds digit of 50834?
8
What is the millions digit of 1338752?
1
What is the millions digit of 4013095?
4
What is the hundreds digit of 3055176?
1
What is the tens digit of 282393?
9
What is the ten thousands digit of 127032?
2
What is the hundreds digit of 301760?
7
What is the tens digit of 154990?
9
What is the units digit of 754591?
1
What is the hundreds digit of 144892?
8
What is the units digit of 473843?
3
What is the hundred thousands digit of 170945?
1
What is the millions digit of 2032364?
2
What is the ten thousands digit of 336966?
3
What is the units digit of 404053?
3
What is the hundred thousands digit of 486001?
4
What is the tens digit of 109826?
2
What is the units digit of 174159?
9
What is the ten thousands digit of 106445?
0
What is the units digit of 5642669?
9
What is the hundred thousands digit of 1941495?
9
What is the hundreds digit of 1059?
0
What is the units digit of 8307981?
1
What is the hundred thousands digit of 1097494?
0
What is the thousands digit of 7899883?
9
What is the hundreds digit of 108976?
9
What is the millions digit of 11905485?
1
What is the thousands digit of 61013?
1
What is the units digit of 1570890?
0
What is the ten thousands digit of 516642?
1
What is the tens digit of 3243241?
4
What is the thousands digit of 938853?
8
What is the units digit of 1759068?
8
What is the hundreds digit of 1285313?
3
What is the hundreds digit of 50309?
3
What is the hundred thousands digit of 8217389?
2
What is the ten thousands digit of 198385?
9
What is the ten thousands digit of 781163?
8
What is the units digit of 253890?
0
What is the thousands digit of 2579246?
9
What is the ten thousands digit of 682872?
8
What is the hundreds digit of 967945?
9
What is the hundreds digit of 48231?
2
What is the units digit of 1244558?
8
What is the millions digit of 3560102?
3
What is the tens digit of 1782293?
9
What is the ten millions digit of 12951040?
1
What is the hundred thousands digit of 1032323?
0
What is the thousands digit of 53303?
3
What is the hundreds digit of 978628?
6
What is the hundreds digit of 2080380?
3
What is the thousands digit of 9593?
9
What is the thousands digit of 165412?
5
What is the ten thousands digit of 165598?
6
What is the hundreds digit of 72551?
5
What is the thousands digit of 16432995?
2
What is the tens digit of 606782?
8
What is the ten thousands digit of 892237?
9
What is the hundred thousands digit of 5991224?
9
What is the hundred thousands digit of 408831?
4
What is the hundred thousands digit of 356140?
3
What is the thousands digit of 352215?
2
What is the ten thousands digit of 4553657?
5
What is the thousands digit of 5223750?
3
What is the thousands digit of 1193355?
3
What is the hundreds digit of 843305?
3
What is the hundreds digit of 4449819?
8
What is the thousands digit of 60036?
0
What is the units digit of 5798?
8
What is the thousands digit of 3513?
3
What is the hundred thousands digit of 31702577?
7
What is the tens digit of 383238?
3
What is the ten thousands digit of 533177?
3
What is the tens digit of 400648?
4
What is the ten thousands digit of 346456?
4
What is the hundreds digit of 26870100?
1
What is the units digit of 2623335?
5
What is the units digit of 561221?
1
What is the ten thousands digit of 103856?
0
What is the hundreds digit of 3704341?
3
What is the thousands digit of 78881?
8
What is the ten thousands digit of 747509?
4
What is the hundred thousands digit of 357569?
3
What is the hundred thousands digit of 6658407?
6
What is the thousands digit of 2447726?
7
What is the hundreds digit of 467250?
2
What is the hundreds digit of 146023?
0
What is the thousands digit of 131834?
1
What is the hundreds digit of 762963?
9
What is the hundred thousands digit of 23915568?
9
What is the thousands digit of 32030?
2
What is the units digit of 1234093?
3
What is the ten thousands digit of 1650038?
5
What is the thousands digit of 2129183?
9
What is the millions digit of 4303906?
4
What is the hundred thousands digit of 2604180?
6
What is the tens digit of 7519779?
7
What is the units digit of 2119534?
4
What is the tens digit of 785706?
0
What is the hundreds digit of 322631?
6
What is the ten thousands digit of 6602479?
0
What is the units digit of 31821370?
0
What is the millions digit of 11597879?
1
What is the ten thousands digit of 30229603?
2
What is the thousands digit of 9717275?
7
What is the hundreds digit of 378327?
3
What is the units digit of 89161?
1
What is the thousands digit of 237500?
7
What is the thousands digit of 444385?
4
What is the hundred thousands digit of 1068682?
0
What is the ten thousands digit of 2887880?
8
What is the tens digit of 783252?
5
What is the hundred thousands digit of 165038?
1
What is the units digit of 335561?
1
What is the units digit of 250128?
8
What is the ten millions digit of 17499280?
1
What is the hundred thousands digit of 260106?
2
What is the ten thousands digit of 470116?
7
What is the hundreds digit of 76229?
2
What is the tens digit of 130460?
6
What is the units digit of 288100?
0
What is the hundreds digit of 2288027?
0
What is the thousands digit of 1262731?
2
What is the units digit of 209391?
1
What is the units digit of 576673?
3
What is the tens digit of 217897?
9
What is the tens digit of 8669612?
1
What is the tens digit of 330958?
5
What is the hundred thousands digit of 706640?
7
What is the thousands digit of 56163?
6
What is the units digit of 1678920?
0
What is the thousands digit of 2906149?
6
What is the tens digit of 12319332?
3
What is the units digit of 76293?
3
What is the tens digit of 341888?
8
What is the hundred thousands digit of 321850?
3
What is the tens digit of 1638061?
6
What is the ten thousands digit of 4015094?
1
What is the hundreds digit of 202053?
0
What is the thousands digit of 842876?
2
What is the tens digit of 10729902?
0
What is the units digit of 7936334?
4
What is the hundreds digit of 211731?
7
What is the units digit of 1849552?
2
What is the units digit of 666473?
3
What is the hundreds digit of 2115599?
5
What is the hundreds digit of 588441?
4
What is the ten millions digit of 11444292?
1
What is the ten millions digit of 12332060?
1
What is the ten thousands digit of 2595235?
9
What is the ten thousands digit of 2516975?
1
What is the thousands digit of 4294200?
4
What is the ten thousands digit of 445279?
4
What is the thousands digit of 235274?
5
What is the thousands digit of 2644195?
4
What is the units digit of 6350065?
5
What is the millions digit of 26364292?
6
What is the hundred thousands digit of 802178?
8
What is the ten thousands digit of 10666074?
6
What is the tens digit of 5292758?
5
What is the ten thousands digit of 455334?
5
What is the tens digit of 20513189?
8
What is the units digit of 1274834?
4
What is the ten millions digit of 14355004?
1
What is the hundreds digit of 957849?
8
What is the ten thousands digit of 592724?
9
What is the tens digit of 352575?
7
What is the ten thousands digit of 1962263?
6
What is the ten thousands digit of 15436664?
3
What is the thousands digit of 17738435?
8
What is the tens digit of 184245?
4
What is the ten thousands digit of 848919?
4
What is the tens digit of 680404?
0
What is the ten thousands digit of 15880629?
8
What is the tens digit of 109809?
0
What is the tens digit of 14000958?
5
What is the ten thousands digit of 22692378?
9
What is the mill